	{"id":6951,"date":"2023-04-11T15:25:50","date_gmt":"2023-04-11T13:25:51","guid":{"rendered":"https:\/\/afanof.eu\/?post_type=product&#038;p=6951"},"modified":"2024-06-20T16:19:25","modified_gmt":"2024-06-20T14:19:25","slug":"conrad-roset","status":"publish","type":"product","link":"https:\/\/afanof.eu\/fr\/boutique\/standard\/conrad-roset\/","title":{"rendered":"Conrad Roset"},"content":{"rendered":"<p>Sous le regard de Conrad Roset, le nu rayonne de beaut\u00e9, de magie, de s\u00e9r\u00e9nit\u00e9. Le corps f\u00e9minin qu&rsquo;il cr\u00e9e, s&rsquo;exprime sans complexit\u00e9 et se cr\u00e9e presque. Ses gestes et sa libert\u00e9 tout en dessinant, grandissent au fur et \u00e0 mesure des lignes, simples mais emphatiques.<\/p>\n<p>Un hommage sage aux femmes et une proposition \u00e9rotique qui invite au calme et \u00e0 la contemplation.<\/p>\n<p class=\"tw-data-text tw-text-large tw-ta\" dir=\"ltr\" data-placeholder=\"Traducci\u00f3n\"><span class=\"Y2IQFc\" lang=\"fr\">Nous aimons collaborer avec diff\u00e9rents cr\u00e9atifs qui rendent notre marque plus large, plus expressive et plus vivante. Nous sommes leurs fans et ensemble nous grandissons avec le bon travail de tous. <\/span><\/p>\n","protected":false},"excerpt":{"rendered":"<p>Sous le regard de Conrad Roset, le nu rayonne de beaut\u00e9, de magie, de s\u00e9r\u00e9nit\u00e9. Le corps f\u00e9minin qu&rsquo;il cr\u00e9e, s&rsquo;exprime sans complexit\u00e9 et se cr\u00e9e presque. Ses gestes et sa libert\u00e9 tout en dessinant, grandissent au fur et \u00e0 mesure des lignes, simples mais emphatiques. Un hommage sage aux femmes et une proposition \u00e9rotique [&hellip;]<\/p>\n","protected":false},"featured_media":9287,"comment_status":"open","ping_status":"closed","template":"","meta":{"_acf_changed":false,"_joinchat":[]},"product_brand":[],"product_cat":[106,155],"product_tag":[],"class_list":{"0":"post-6951","1":"product","2":"type-product","3":"status-publish","4":"has-post-thumbnail","6":"materials-100-coton","7":"materials-bois-de-poirier","8":"materials-encres-ecologiques","9":"materials-fabrique-en-espagne","10":"materials-sans-vernis","11":"product_cat-standard","12":"product_cat-tous","14":"first","15":"outofstock","16":"taxable","17":"shipping-taxable","18":"purchasable","19":"product-type-simple"},"wpr_featured_image":["https:\/\/afanof.eu\/wp-content\/uploads\/2023\/04\/a-fan-of-eventail-abanicos-originales-de-madera-150x150.webp",150,150,true],"acf":[],"yoast_head":"<!-- This site is optimized with the Yoast SEO Premium plugin v25.3 (Yoast SEO v27.5) - https:\/\/yoast.com\/product\/yoast-seo-premium-wordpress\/ -->\n<title>Conrad Roset - A FAN OF<\/title>\n<meta name=\"description\" content=\"Los abanicos A Fan Of son piezas con dise\u00f1os estampados originales, realizados de forma artesanal en Espa\u00f1a y utilizando materiales y procesos sostenibles.\" \/>\n<meta name=\"robots\" content=\"index, follow, max-snippet:-1, max-image-preview:large, max-video-preview:-1\" \/>\n<link rel=\"canonical\" href=\"https:\/\/afanof.eu\/fr\/boutique\/standard\/conrad-roset\/\" \/>\n<meta property=\"og:locale\" content=\"fr_FR\" \/>\n<meta property=\"og:type\" content=\"article\" \/>\n<meta property=\"og:title\" content=\"Conrad Roset\" \/>\n<meta property=\"og:description\" content=\"Los abanicos A Fan Of son piezas con dise\u00f1os estampados originales, realizados de forma artesanal en Espa\u00f1a y utilizando materiales y procesos sostenibles.\" \/>\n<meta property=\"og:url\" content=\"https:\/\/afanof.eu\/fr\/boutique\/standard\/conrad-roset\/\" \/>\n<meta property=\"og:site_name\" content=\"A FAN OF\" \/>\n<meta property=\"article:modified_time\" content=\"2024-06-20T14:19:25+00:00\" \/>\n<meta property=\"og:image\" content=\"https:\/\/afanof.eu\/wp-content\/uploads\/2023\/04\/a-fan-of-eventail-abanicos-originales-de-madera.webp\" \/>\n\t<meta property=\"og:image:width\" content=\"1000\" \/>\n\t<meta property=\"og:image:height\" content=\"1210\" \/>\n\t<meta property=\"og:image:type\" content=\"image\/webp\" \/>\n<meta name=\"twitter:card\" content=\"summary_large_image\" \/>\n<meta name=\"twitter:label1\" content=\"Dur\u00e9e de lecture estim\u00e9e\" \/>\n\t<meta name=\"twitter:data1\" content=\"1 minute\" \/>\n<script type=\"application\/ld+json\" class=\"yoast-schema-graph\">{\"@context\":\"https:\\\/\\\/schema.org\",\"@graph\":[{\"@type\":\"WebPage\",\"@id\":\"https:\\\/\\\/afanof.eu\\\/fr\\\/boutique\\\/standard\\\/conrad-roset\\\/\",\"url\":\"https:\\\/\\\/afanof.eu\\\/fr\\\/boutique\\\/standard\\\/conrad-roset\\\/\",\"name\":\"Conrad Roset - A FAN OF\",\"isPartOf\":{\"@id\":\"https:\\\/\\\/afanof.eu\\\/fr\\\/#website\"},\"primaryImageOfPage\":{\"@id\":\"https:\\\/\\\/afanof.eu\\\/fr\\\/boutique\\\/standard\\\/conrad-roset\\\/#primaryimage\"},\"image\":{\"@id\":\"https:\\\/\\\/afanof.eu\\\/fr\\\/boutique\\\/standard\\\/conrad-roset\\\/#primaryimage\"},\"thumbnailUrl\":\"https:\\\/\\\/afanof.eu\\\/wp-content\\\/uploads\\\/2023\\\/04\\\/a-fan-of-eventail-abanicos-originales-de-madera.webp\",\"datePublished\":\"2023-04-11T13:25:51+00:00\",\"dateModified\":\"2024-06-20T14:19:25+00:00\",\"description\":\"Los abanicos A Fan Of son piezas con dise\u00f1os estampados originales, realizados de forma artesanal en Espa\u00f1a y utilizando materiales y procesos sostenibles.\",\"breadcrumb\":{\"@id\":\"https:\\\/\\\/afanof.eu\\\/fr\\\/boutique\\\/standard\\\/conrad-roset\\\/#breadcrumb\"},\"inLanguage\":\"fr-FR\",\"potentialAction\":[{\"@type\":\"ReadAction\",\"target\":[\"https:\\\/\\\/afanof.eu\\\/fr\\\/boutique\\\/standard\\\/conrad-roset\\\/\"]}]},{\"@type\":\"ImageObject\",\"inLanguage\":\"fr-FR\",\"@id\":\"https:\\\/\\\/afanof.eu\\\/fr\\\/boutique\\\/standard\\\/conrad-roset\\\/#primaryimage\",\"url\":\"https:\\\/\\\/afanof.eu\\\/wp-content\\\/uploads\\\/2023\\\/04\\\/a-fan-of-eventail-abanicos-originales-de-madera.webp\",\"contentUrl\":\"https:\\\/\\\/afanof.eu\\\/wp-content\\\/uploads\\\/2023\\\/04\\\/a-fan-of-eventail-abanicos-originales-de-madera.webp\",\"width\":1000,\"height\":1210},{\"@type\":\"BreadcrumbList\",\"@id\":\"https:\\\/\\\/afanof.eu\\\/fr\\\/boutique\\\/standard\\\/conrad-roset\\\/#breadcrumb\",\"itemListElement\":[{\"@type\":\"ListItem\",\"position\":1,\"name\":\"Boutique\",\"item\":\"https:\\\/\\\/afanof.eu\\\/fr\\\/boutique\\\/\"},{\"@type\":\"ListItem\",\"position\":2,\"name\":\"Conrad Roset\"}]},{\"@type\":\"WebSite\",\"@id\":\"https:\\\/\\\/afanof.eu\\\/fr\\\/#website\",\"url\":\"https:\\\/\\\/afanof.eu\\\/fr\\\/\",\"name\":\"A FAN OF\",\"description\":\"\",\"publisher\":{\"@id\":\"https:\\\/\\\/afanof.eu\\\/fr\\\/#organization\"},\"potentialAction\":[{\"@type\":\"SearchAction\",\"target\":{\"@type\":\"EntryPoint\",\"urlTemplate\":\"https:\\\/\\\/afanof.eu\\\/fr\\\/?s={search_term_string}\"},\"query-input\":{\"@type\":\"PropertyValueSpecification\",\"valueRequired\":true,\"valueName\":\"search_term_string\"}}],\"inLanguage\":\"fr-FR\"},{\"@type\":\"Organization\",\"@id\":\"https:\\\/\\\/afanof.eu\\\/fr\\\/#organization\",\"name\":\"A Fan Of\",\"url\":\"https:\\\/\\\/afanof.eu\\\/fr\\\/\",\"logo\":{\"@type\":\"ImageObject\",\"inLanguage\":\"fr-FR\",\"@id\":\"https:\\\/\\\/afanof.eu\\\/fr\\\/#\\\/schema\\\/logo\\\/image\\\/\",\"url\":\"\",\"contentUrl\":\"\",\"caption\":\"A Fan Of\"},\"image\":{\"@id\":\"https:\\\/\\\/afanof.eu\\\/fr\\\/#\\\/schema\\\/logo\\\/image\\\/\"}}]}<\/script>\n<!-- \/ Yoast SEO Premium plugin. -->","yoast_head_json":{"title":"Conrad Roset - A FAN OF","description":"Los abanicos A Fan Of son piezas con dise\u00f1os estampados originales, realizados de forma artesanal en Espa\u00f1a y utilizando materiales y procesos sostenibles.","robots":{"index":"index","follow":"follow","max-snippet":"max-snippet:-1","max-image-preview":"max-image-preview:large","max-video-preview":"max-video-preview:-1"},"canonical":"https:\/\/afanof.eu\/fr\/boutique\/standard\/conrad-roset\/","og_locale":"fr_FR","og_type":"article","og_title":"Conrad Roset","og_description":"Los abanicos A Fan Of son piezas con dise\u00f1os estampados originales, realizados de forma artesanal en Espa\u00f1a y utilizando materiales y procesos sostenibles.","og_url":"https:\/\/afanof.eu\/fr\/boutique\/standard\/conrad-roset\/","og_site_name":"A FAN OF","article_modified_time":"2024-06-20T14:19:25+00:00","og_image":[{"width":1000,"height":1210,"url":"https:\/\/afanof.eu\/wp-content\/uploads\/2023\/04\/a-fan-of-eventail-abanicos-originales-de-madera.webp","type":"image\/webp"}],"twitter_card":"summary_large_image","twitter_misc":{"Dur\u00e9e de lecture estim\u00e9e":"1 minute"},"schema":{"@context":"https:\/\/schema.org","@graph":[{"@type":"WebPage","@id":"https:\/\/afanof.eu\/fr\/boutique\/standard\/conrad-roset\/","url":"https:\/\/afanof.eu\/fr\/boutique\/standard\/conrad-roset\/","name":"Conrad Roset - A FAN OF","isPartOf":{"@id":"https:\/\/afanof.eu\/fr\/#website"},"primaryImageOfPage":{"@id":"https:\/\/afanof.eu\/fr\/boutique\/standard\/conrad-roset\/#primaryimage"},"image":{"@id":"https:\/\/afanof.eu\/fr\/boutique\/standard\/conrad-roset\/#primaryimage"},"thumbnailUrl":"https:\/\/afanof.eu\/wp-content\/uploads\/2023\/04\/a-fan-of-eventail-abanicos-originales-de-madera.webp","datePublished":"2023-04-11T13:25:51+00:00","dateModified":"2024-06-20T14:19:25+00:00","description":"Los abanicos A Fan Of son piezas con dise\u00f1os estampados originales, realizados de forma artesanal en Espa\u00f1a y utilizando materiales y procesos sostenibles.","breadcrumb":{"@id":"https:\/\/afanof.eu\/fr\/boutique\/standard\/conrad-roset\/#breadcrumb"},"inLanguage":"fr-FR","potentialAction":[{"@type":"ReadAction","target":["https:\/\/afanof.eu\/fr\/boutique\/standard\/conrad-roset\/"]}]},{"@type":"ImageObject","inLanguage":"fr-FR","@id":"https:\/\/afanof.eu\/fr\/boutique\/standard\/conrad-roset\/#primaryimage","url":"https:\/\/afanof.eu\/wp-content\/uploads\/2023\/04\/a-fan-of-eventail-abanicos-originales-de-madera.webp","contentUrl":"https:\/\/afanof.eu\/wp-content\/uploads\/2023\/04\/a-fan-of-eventail-abanicos-originales-de-madera.webp","width":1000,"height":1210},{"@type":"BreadcrumbList","@id":"https:\/\/afanof.eu\/fr\/boutique\/standard\/conrad-roset\/#breadcrumb","itemListElement":[{"@type":"ListItem","position":1,"name":"Boutique","item":"https:\/\/afanof.eu\/fr\/boutique\/"},{"@type":"ListItem","position":2,"name":"Conrad Roset"}]},{"@type":"WebSite","@id":"https:\/\/afanof.eu\/fr\/#website","url":"https:\/\/afanof.eu\/fr\/","name":"A FAN OF","description":"","publisher":{"@id":"https:\/\/afanof.eu\/fr\/#organization"},"potentialAction":[{"@type":"SearchAction","target":{"@type":"EntryPoint","urlTemplate":"https:\/\/afanof.eu\/fr\/?s={search_term_string}"},"query-input":{"@type":"PropertyValueSpecification","valueRequired":true,"valueName":"search_term_string"}}],"inLanguage":"fr-FR"},{"@type":"Organization","@id":"https:\/\/afanof.eu\/fr\/#organization","name":"A Fan Of","url":"https:\/\/afanof.eu\/fr\/","logo":{"@type":"ImageObject","inLanguage":"fr-FR","@id":"https:\/\/afanof.eu\/fr\/#\/schema\/logo\/image\/","url":"","contentUrl":"","caption":"A Fan Of"},"image":{"@id":"https:\/\/afanof.eu\/fr\/#\/schema\/logo\/image\/"}}]}},"_links":{"self":[{"href":"https:\/\/afanof.eu\/fr\/wp-json\/wp\/v2\/product\/6951","targetHints":{"allow":["GET"]}}],"collection":[{"href":"https:\/\/afanof.eu\/fr\/wp-json\/wp\/v2\/product"}],"about":[{"href":"https:\/\/afanof.eu\/fr\/wp-json\/wp\/v2\/types\/product"}],"replies":[{"embeddable":true,"href":"https:\/\/afanof.eu\/fr\/wp-json\/wp\/v2\/comments?post=6951"}],"wp:featuredmedia":[{"embeddable":true,"href":"https:\/\/afanof.eu\/fr\/wp-json\/wp\/v2\/media\/9287"}],"wp:attachment":[{"href":"https:\/\/afanof.eu\/fr\/wp-json\/wp\/v2\/media?parent=6951"}],"wp:term":[{"taxonomy":"product_brand","embeddable":true,"href":"https:\/\/afanof.eu\/fr\/wp-json\/wp\/v2\/product_brand?post=6951"},{"taxonomy":"product_cat","embeddable":true,"href":"https:\/\/afanof.eu\/fr\/wp-json\/wp\/v2\/product_cat?post=6951"},{"taxonomy":"product_tag","embeddable":true,"href":"https:\/\/afanof.eu\/fr\/wp-json\/wp\/v2\/product_tag?post=6951"}],"curies":[{"name":"wp","href":"https:\/\/api.w.org\/{rel}","templated":true}]}}

<p>Sous le regard de Conrad Roset, le nu rayonne de beauté, de magie, de sérénité. Le corps féminin qu&rsquo;il crée, s&rsquo;exprime sans complexité et se crée presque. Ses gestes et sa liberté tout en dessinant, grandissent au fur et à mesure des lignes, simples mais emphatiques.</p>
<p>Un hommage sage aux femmes et une proposition érotique qui invite au calme et à la contemplation.</p>
<p class="tw-data-text tw-text-large tw-ta" dir="ltr" data-placeholder="Traducción"><span class="Y2IQFc" lang="fr">Nous aimons collaborer avec différents créatifs qui rendent notre marque plus large, plus expressive et plus vivante. Nous sommes leurs fans et ensemble nous grandissons avec le bon travail de tous. </span></p>

<p>Sous le regard de Conrad Roset, le nu rayonne de beauté, de magie, de sérénité. Le corps féminin qu&rsquo;il crée, s&rsquo;exprime sans complexité et se crée presque. Ses gestes et sa liberté tout en dessinant, grandissent au fur et à mesure des lignes, simples mais emphatiques. Un hommage sage aux femmes et une proposition érotique [&hellip;]</p>

<!-- This site is optimized with the Yoast SEO Premium plugin v25.3 (Yoast SEO v27.5) - https://yoast.com/product/yoast-seo-premium-wordpress/ -->
<title>Conrad Roset - A FAN OF</title>
<meta name="description" content="Los abanicos A Fan Of son piezas con diseños estampados originales, realizados de forma artesanal en España y utilizando materiales y procesos sostenibles." />
<meta name="robots" content="index, follow, max-snippet:-1, max-image-preview:large, max-video-preview:-1" />
<link rel="canonical" href="https://afanof.eu/fr/boutique/standard/conrad-roset/" />
<meta property="og:locale" content="fr_FR" />
<meta property="og:type" content="article" />
<meta property="og:title" content="Conrad Roset" />
<meta property="og:description" content="Los abanicos A Fan Of son piezas con diseños estampados originales, realizados de forma artesanal en España y utilizando materiales y procesos sostenibles." />
<meta property="og:url" content="https://afanof.eu/fr/boutique/standard/conrad-roset/" />
<meta property="og:site_name" content="A FAN OF" />
<meta property="article:modified_time" content="2024-06-20T14:19:25+00:00" />
<meta property="og:image" content="https://afanof.eu/wp-content/uploads/2023/04/a-fan-of-eventail-abanicos-originales-de-madera.webp" />
	<meta property="og:image:width" content="1000" />
	<meta property="og:image:height" content="1210" />
	<meta property="og:image:type" content="image/webp" />
<meta name="twitter:card" content="summary_large_image" />
<meta name="twitter:label1" content="Durée de lecture estimée" />
	<meta name="twitter:data1" content="1 minute" />
<script type="application/ld+json" class="yoast-schema-graph">{"@context":"https:\/\/schema.org","@graph":[{"@type":"WebPage","@id":"https:\/\/afanof.eu\/fr\/boutique\/standard\/conrad-roset\/","url":"https:\/\/afanof.eu\/fr\/boutique\/standard\/conrad-roset\/","name":"Conrad Roset - A FAN OF","isPartOf":{"@id":"https:\/\/afanof.eu\/fr\/#website"},"primaryImageOfPage":{"@id":"https:\/\/afanof.eu\/fr\/boutique\/standard\/conrad-roset\/#primaryimage"},"image":{"@id":"https:\/\/afanof.eu\/fr\/boutique\/standard\/conrad-roset\/#primaryimage"},"thumbnailUrl":"https:\/\/afanof.eu\/wp-content\/uploads\/2023\/04\/a-fan-of-eventail-abanicos-originales-de-madera.webp","datePublished":"2023-04-11T13:25:51+00:00","dateModified":"2024-06-20T14:19:25+00:00","description":"Los abanicos A Fan Of son piezas con diseños estampados originales, realizados de forma artesanal en España y utilizando materiales y procesos sostenibles.","breadcrumb":{"@id":"https:\/\/afanof.eu\/fr\/boutique\/standard\/conrad-roset\/#breadcrumb"},"inLanguage":"fr-FR","potentialAction":[{"@type":"ReadAction","target":["https:\/\/afanof.eu\/fr\/boutique\/standard\/conrad-roset\/"]}]},{"@type":"ImageObject","inLanguage":"fr-FR","@id":"https:\/\/afanof.eu\/fr\/boutique\/standard\/conrad-roset\/#primaryimage","url":"https:\/\/afanof.eu\/wp-content\/uploads\/2023\/04\/a-fan-of-eventail-abanicos-originales-de-madera.webp","contentUrl":"https:\/\/afanof.eu\/wp-content\/uploads\/2023\/04\/a-fan-of-eventail-abanicos-originales-de-madera.webp","width":1000,"height":1210},{"@type":"BreadcrumbList","@id":"https:\/\/afanof.eu\/fr\/boutique\/standard\/conrad-roset\/#breadcrumb","itemListElement":[{"@type":"ListItem","position":1,"name":"Boutique","item":"https:\/\/afanof.eu\/fr\/boutique\/"},{"@type":"ListItem","position":2,"name":"Conrad Roset"}]},{"@type":"WebSite","@id":"https:\/\/afanof.eu\/fr\/#website","url":"https:\/\/afanof.eu\/fr\/","name":"A FAN OF","description":"","publisher":{"@id":"https:\/\/afanof.eu\/fr\/#organization"},"potentialAction":[{"@type":"SearchAction","target":{"@type":"EntryPoint","urlTemplate":"https:\/\/afanof.eu\/fr\/?s={search_term_string}"},"query-input":{"@type":"PropertyValueSpecification","valueRequired":true,"valueName":"search_term_string"}}],"inLanguage":"fr-FR"},{"@type":"Organization","@id":"https:\/\/afanof.eu\/fr\/#organization","name":"A Fan Of","url":"https:\/\/afanof.eu\/fr\/","logo":{"@type":"ImageObject","inLanguage":"fr-FR","@id":"https:\/\/afanof.eu\/fr\/#\/schema\/logo\/image\/","url":"","contentUrl":"","caption":"A Fan Of"},"image":{"@id":"https:\/\/afanof.eu\/fr\/#\/schema\/logo\/image\/"}}]}</script>
<!-- / Yoast SEO Premium plugin. -->

Los abanicos A Fan Of son piezas con diseños estampados originales, realizados de forma artesanal en España y utilizando materiales y procesos sostenibles.
