	{"id":11620,"date":"2025-01-10T16:37:06","date_gmt":"2025-03-31T13:42:38","guid":{"rendered":"https:\/\/afanof.eu\/?post_type=product&#038;p=11620"},"modified":"2025-05-13T16:00:24","modified_gmt":"2025-05-13T14:00:24","slug":"charcoal-forest","status":"publish","type":"product","link":"https:\/\/afanof.eu\/fr\/boutique\/max-fr\/charcoal-forest\/","title":{"rendered":"\u00c9ventail Charcoal Forest"},"content":{"rendered":"<p data-start=\"603\" data-end=\"786\">L\u2019\u00e9ventail Charcoal Forest en taille MAX mesure 50 cm ouvert et 27 cm ferm\u00e9. C\u2019est notre \u00e9ventail le plus grand \u2013 impressionnant, \u00e9l\u00e9gant et id\u00e9al pour se rafra\u00eechir.<\/p>\n<p data-start=\"788\" data-end=\"952\">Nous le fabriquons artisanalement avec du bois de poirier poli \u00e0 la main, sans vernis, et un tissu en coton 100 %, imprim\u00e9 avec des encres \u00e9cologiques certifi\u00e9es.<\/p>\n<p data-start=\"954\" data-end=\"1165\">Le dessin s\u2019inspire des for\u00eats m\u00e9diterran\u00e9ennes de ch\u00eanes et de pins, en particulier celles de la Costa Brava. R\u00e9alis\u00e9 au fusain, il met en valeur les beaux d\u00e9tails du paysage sur toute la surface de l\u2019\u00e9ventail.<\/p>\n","protected":false},"excerpt":{"rendered":"<p>L\u2019\u00e9ventail Charcoal Forest en taille MAX mesure 50 cm ouvert et 27 cm ferm\u00e9. C\u2019est notre \u00e9ventail le plus grand \u2013 impressionnant, \u00e9l\u00e9gant et id\u00e9al pour se rafra\u00eechir. Nous le fabriquons artisanalement avec du bois de poirier poli \u00e0 la main, sans vernis, et un tissu en coton 100 %, imprim\u00e9 avec des encres \u00e9cologiques [&hellip;]<\/p>\n","protected":false},"featured_media":12978,"comment_status":"open","ping_status":"closed","template":"","meta":{"_acf_changed":false,"_joinchat":[]},"product_brand":[],"product_cat":[151,155],"product_tag":[],"class_list":{"0":"post-11620","1":"product","2":"type-product","3":"status-publish","4":"has-post-thumbnail","6":"materials-100-coton","7":"materials-bois-de-poirier","8":"materials-encres-ecologiques","9":"materials-fabrique-en-espagne","10":"materials-sans-vernis","11":"product_cat-max-fr","12":"product_cat-tous","14":"first","15":"instock","16":"taxable","17":"shipping-taxable","18":"purchasable","19":"product-type-simple"},"wpr_featured_image":["https:\/\/afanof.eu\/wp-content\/uploads\/2025\/01\/a-fan-of-abanico-eventail-charcoal-forest-black-and-white-1-150x150.webp",150,150,true],"acf":[],"yoast_head":"<!-- This site is optimized with the Yoast SEO Premium plugin v25.3 (Yoast SEO v27.5) - https:\/\/yoast.com\/product\/yoast-seo-premium-wordpress\/ -->\n<title>\u00c9ventail Charcoal Forest - A FAN OF<\/title>\n<meta name=\"description\" content=\"Los abanicos A Fan Of son piezas con dise\u00f1os estampados originales, realizados de forma artesanal en Espa\u00f1a y utilizando materiales y procesos sostenibles.\" \/>\n<meta name=\"robots\" content=\"index, follow, max-snippet:-1, max-image-preview:large, max-video-preview:-1\" \/>\n<link rel=\"canonical\" href=\"https:\/\/afanof.eu\/fr\/boutique\/max-fr\/charcoal-forest\/\" \/>\n<meta property=\"og:locale\" content=\"fr_FR\" \/>\n<meta property=\"og:type\" content=\"article\" \/>\n<meta property=\"og:title\" content=\"\u00c9ventail Charcoal Forest\" \/>\n<meta property=\"og:description\" content=\"Los abanicos A Fan Of son piezas con dise\u00f1os estampados originales, realizados de forma artesanal en Espa\u00f1a y utilizando materiales y procesos sostenibles.\" \/>\n<meta property=\"og:url\" content=\"https:\/\/afanof.eu\/fr\/boutique\/max-fr\/charcoal-forest\/\" \/>\n<meta property=\"og:site_name\" content=\"A FAN OF\" \/>\n<meta property=\"article:modified_time\" content=\"2025-05-13T14:00:24+00:00\" \/>\n<meta property=\"og:image\" content=\"https:\/\/afanof.eu\/wp-content\/uploads\/2025\/01\/A-FAN-OF-Abanico-Eventail-MAXI-Charcoal-Forest.webp\" \/>\n\t<meta property=\"og:image:width\" content=\"1000\" \/>\n\t<meta property=\"og:image:height\" content=\"1210\" \/>\n\t<meta property=\"og:image:type\" content=\"image\/webp\" \/>\n<meta name=\"twitter:card\" content=\"summary_large_image\" \/>\n<meta name=\"twitter:label1\" content=\"Dur\u00e9e de lecture estim\u00e9e\" \/>\n\t<meta name=\"twitter:data1\" content=\"1 minute\" \/>\n<script type=\"application\/ld+json\" class=\"yoast-schema-graph\">{\"@context\":\"https:\\\/\\\/schema.org\",\"@graph\":[{\"@type\":\"WebPage\",\"@id\":\"https:\\\/\\\/afanof.eu\\\/fr\\\/boutique\\\/max-fr\\\/charcoal-forest\\\/\",\"url\":\"https:\\\/\\\/afanof.eu\\\/fr\\\/boutique\\\/max-fr\\\/charcoal-forest\\\/\",\"name\":\"\u00c9ventail Charcoal Forest - A FAN OF\",\"isPartOf\":{\"@id\":\"https:\\\/\\\/afanof.eu\\\/fr\\\/#website\"},\"primaryImageOfPage\":{\"@id\":\"https:\\\/\\\/afanof.eu\\\/fr\\\/boutique\\\/max-fr\\\/charcoal-forest\\\/#primaryimage\"},\"image\":{\"@id\":\"https:\\\/\\\/afanof.eu\\\/fr\\\/boutique\\\/max-fr\\\/charcoal-forest\\\/#primaryimage\"},\"thumbnailUrl\":\"https:\\\/\\\/afanof.eu\\\/wp-content\\\/uploads\\\/2025\\\/01\\\/a-fan-of-abanico-eventail-charcoal-forest-black-and-white-1.webp\",\"datePublished\":\"2025-03-31T13:42:38+00:00\",\"dateModified\":\"2025-05-13T14:00:24+00:00\",\"description\":\"Los abanicos A Fan Of son piezas con dise\u00f1os estampados originales, realizados de forma artesanal en Espa\u00f1a y utilizando materiales y procesos sostenibles.\",\"breadcrumb\":{\"@id\":\"https:\\\/\\\/afanof.eu\\\/fr\\\/boutique\\\/max-fr\\\/charcoal-forest\\\/#breadcrumb\"},\"inLanguage\":\"fr-FR\",\"potentialAction\":[{\"@type\":\"ReadAction\",\"target\":[\"https:\\\/\\\/afanof.eu\\\/fr\\\/boutique\\\/max-fr\\\/charcoal-forest\\\/\"]}]},{\"@type\":\"ImageObject\",\"inLanguage\":\"fr-FR\",\"@id\":\"https:\\\/\\\/afanof.eu\\\/fr\\\/boutique\\\/max-fr\\\/charcoal-forest\\\/#primaryimage\",\"url\":\"https:\\\/\\\/afanof.eu\\\/wp-content\\\/uploads\\\/2025\\\/01\\\/a-fan-of-abanico-eventail-charcoal-forest-black-and-white-1.webp\",\"contentUrl\":\"https:\\\/\\\/afanof.eu\\\/wp-content\\\/uploads\\\/2025\\\/01\\\/a-fan-of-abanico-eventail-charcoal-forest-black-and-white-1.webp\",\"width\":1500,\"height\":2000},{\"@type\":\"BreadcrumbList\",\"@id\":\"https:\\\/\\\/afanof.eu\\\/fr\\\/boutique\\\/max-fr\\\/charcoal-forest\\\/#breadcrumb\",\"itemListElement\":[{\"@type\":\"ListItem\",\"position\":1,\"name\":\"Boutique\",\"item\":\"https:\\\/\\\/afanof.eu\\\/fr\\\/boutique\\\/\"},{\"@type\":\"ListItem\",\"position\":2,\"name\":\"\u00c9ventail Charcoal Forest\"}]},{\"@type\":\"WebSite\",\"@id\":\"https:\\\/\\\/afanof.eu\\\/fr\\\/#website\",\"url\":\"https:\\\/\\\/afanof.eu\\\/fr\\\/\",\"name\":\"A FAN OF\",\"description\":\"\",\"publisher\":{\"@id\":\"https:\\\/\\\/afanof.eu\\\/fr\\\/#organization\"},\"potentialAction\":[{\"@type\":\"SearchAction\",\"target\":{\"@type\":\"EntryPoint\",\"urlTemplate\":\"https:\\\/\\\/afanof.eu\\\/fr\\\/?s={search_term_string}\"},\"query-input\":{\"@type\":\"PropertyValueSpecification\",\"valueRequired\":true,\"valueName\":\"search_term_string\"}}],\"inLanguage\":\"fr-FR\"},{\"@type\":\"Organization\",\"@id\":\"https:\\\/\\\/afanof.eu\\\/fr\\\/#organization\",\"name\":\"A Fan Of\",\"url\":\"https:\\\/\\\/afanof.eu\\\/fr\\\/\",\"logo\":{\"@type\":\"ImageObject\",\"inLanguage\":\"fr-FR\",\"@id\":\"https:\\\/\\\/afanof.eu\\\/fr\\\/#\\\/schema\\\/logo\\\/image\\\/\",\"url\":\"\",\"contentUrl\":\"\",\"caption\":\"A Fan Of\"},\"image\":{\"@id\":\"https:\\\/\\\/afanof.eu\\\/fr\\\/#\\\/schema\\\/logo\\\/image\\\/\"}}]}<\/script>\n<!-- \/ Yoast SEO Premium plugin. -->","yoast_head_json":{"title":"\u00c9ventail Charcoal Forest - A FAN OF","description":"Los abanicos A Fan Of son piezas con dise\u00f1os estampados originales, realizados de forma artesanal en Espa\u00f1a y utilizando materiales y procesos sostenibles.","robots":{"index":"index","follow":"follow","max-snippet":"max-snippet:-1","max-image-preview":"max-image-preview:large","max-video-preview":"max-video-preview:-1"},"canonical":"https:\/\/afanof.eu\/fr\/boutique\/max-fr\/charcoal-forest\/","og_locale":"fr_FR","og_type":"article","og_title":"\u00c9ventail Charcoal Forest","og_description":"Los abanicos A Fan Of son piezas con dise\u00f1os estampados originales, realizados de forma artesanal en Espa\u00f1a y utilizando materiales y procesos sostenibles.","og_url":"https:\/\/afanof.eu\/fr\/boutique\/max-fr\/charcoal-forest\/","og_site_name":"A FAN OF","article_modified_time":"2025-05-13T14:00:24+00:00","og_image":[{"width":1000,"height":1210,"url":"https:\/\/afanof.eu\/wp-content\/uploads\/2025\/01\/A-FAN-OF-Abanico-Eventail-MAXI-Charcoal-Forest.webp","type":"image\/webp"}],"twitter_card":"summary_large_image","twitter_misc":{"Dur\u00e9e de lecture estim\u00e9e":"1 minute"},"schema":{"@context":"https:\/\/schema.org","@graph":[{"@type":"WebPage","@id":"https:\/\/afanof.eu\/fr\/boutique\/max-fr\/charcoal-forest\/","url":"https:\/\/afanof.eu\/fr\/boutique\/max-fr\/charcoal-forest\/","name":"\u00c9ventail Charcoal Forest - A FAN OF","isPartOf":{"@id":"https:\/\/afanof.eu\/fr\/#website"},"primaryImageOfPage":{"@id":"https:\/\/afanof.eu\/fr\/boutique\/max-fr\/charcoal-forest\/#primaryimage"},"image":{"@id":"https:\/\/afanof.eu\/fr\/boutique\/max-fr\/charcoal-forest\/#primaryimage"},"thumbnailUrl":"https:\/\/afanof.eu\/wp-content\/uploads\/2025\/01\/a-fan-of-abanico-eventail-charcoal-forest-black-and-white-1.webp","datePublished":"2025-03-31T13:42:38+00:00","dateModified":"2025-05-13T14:00:24+00:00","description":"Los abanicos A Fan Of son piezas con dise\u00f1os estampados originales, realizados de forma artesanal en Espa\u00f1a y utilizando materiales y procesos sostenibles.","breadcrumb":{"@id":"https:\/\/afanof.eu\/fr\/boutique\/max-fr\/charcoal-forest\/#breadcrumb"},"inLanguage":"fr-FR","potentialAction":[{"@type":"ReadAction","target":["https:\/\/afanof.eu\/fr\/boutique\/max-fr\/charcoal-forest\/"]}]},{"@type":"ImageObject","inLanguage":"fr-FR","@id":"https:\/\/afanof.eu\/fr\/boutique\/max-fr\/charcoal-forest\/#primaryimage","url":"https:\/\/afanof.eu\/wp-content\/uploads\/2025\/01\/a-fan-of-abanico-eventail-charcoal-forest-black-and-white-1.webp","contentUrl":"https:\/\/afanof.eu\/wp-content\/uploads\/2025\/01\/a-fan-of-abanico-eventail-charcoal-forest-black-and-white-1.webp","width":1500,"height":2000},{"@type":"BreadcrumbList","@id":"https:\/\/afanof.eu\/fr\/boutique\/max-fr\/charcoal-forest\/#breadcrumb","itemListElement":[{"@type":"ListItem","position":1,"name":"Boutique","item":"https:\/\/afanof.eu\/fr\/boutique\/"},{"@type":"ListItem","position":2,"name":"\u00c9ventail Charcoal Forest"}]},{"@type":"WebSite","@id":"https:\/\/afanof.eu\/fr\/#website","url":"https:\/\/afanof.eu\/fr\/","name":"A FAN OF","description":"","publisher":{"@id":"https:\/\/afanof.eu\/fr\/#organization"},"potentialAction":[{"@type":"SearchAction","target":{"@type":"EntryPoint","urlTemplate":"https:\/\/afanof.eu\/fr\/?s={search_term_string}"},"query-input":{"@type":"PropertyValueSpecification","valueRequired":true,"valueName":"search_term_string"}}],"inLanguage":"fr-FR"},{"@type":"Organization","@id":"https:\/\/afanof.eu\/fr\/#organization","name":"A Fan Of","url":"https:\/\/afanof.eu\/fr\/","logo":{"@type":"ImageObject","inLanguage":"fr-FR","@id":"https:\/\/afanof.eu\/fr\/#\/schema\/logo\/image\/","url":"","contentUrl":"","caption":"A Fan Of"},"image":{"@id":"https:\/\/afanof.eu\/fr\/#\/schema\/logo\/image\/"}}]}},"_links":{"self":[{"href":"https:\/\/afanof.eu\/fr\/wp-json\/wp\/v2\/product\/11620","targetHints":{"allow":["GET"]}}],"collection":[{"href":"https:\/\/afanof.eu\/fr\/wp-json\/wp\/v2\/product"}],"about":[{"href":"https:\/\/afanof.eu\/fr\/wp-json\/wp\/v2\/types\/product"}],"replies":[{"embeddable":true,"href":"https:\/\/afanof.eu\/fr\/wp-json\/wp\/v2\/comments?post=11620"}],"wp:featuredmedia":[{"embeddable":true,"href":"https:\/\/afanof.eu\/fr\/wp-json\/wp\/v2\/media\/12978"}],"wp:attachment":[{"href":"https:\/\/afanof.eu\/fr\/wp-json\/wp\/v2\/media?parent=11620"}],"wp:term":[{"taxonomy":"product_brand","embeddable":true,"href":"https:\/\/afanof.eu\/fr\/wp-json\/wp\/v2\/product_brand?post=11620"},{"taxonomy":"product_cat","embeddable":true,"href":"https:\/\/afanof.eu\/fr\/wp-json\/wp\/v2\/product_cat?post=11620"},{"taxonomy":"product_tag","embeddable":true,"href":"https:\/\/afanof.eu\/fr\/wp-json\/wp\/v2\/product_tag?post=11620"}],"curies":[{"name":"wp","href":"https:\/\/api.w.org\/{rel}","templated":true}]}}

Éventail Charcoal Forest

<p data-start="603" data-end="786">L’éventail Charcoal Forest en taille MAX mesure 50 cm ouvert et 27 cm fermé. C’est notre éventail le plus grand – impressionnant, élégant et idéal pour se rafraîchir.</p>
<p data-start="788" data-end="952">Nous le fabriquons artisanalement avec du bois de poirier poli à la main, sans vernis, et un tissu en coton 100 %, imprimé avec des encres écologiques certifiées.</p>
<p data-start="954" data-end="1165">Le dessin s’inspire des forêts méditerranéennes de chênes et de pins, en particulier celles de la Costa Brava. Réalisé au fusain, il met en valeur les beaux détails du paysage sur toute la surface de l’éventail.</p>

<p>L’éventail Charcoal Forest en taille MAX mesure 50 cm ouvert et 27 cm fermé. C’est notre éventail le plus grand – impressionnant, élégant et idéal pour se rafraîchir. Nous le fabriquons artisanalement avec du bois de poirier poli à la main, sans vernis, et un tissu en coton 100 %, imprimé avec des encres écologiques [&hellip;]</p>

<!-- This site is optimized with the Yoast SEO Premium plugin v25.3 (Yoast SEO v27.5) - https://yoast.com/product/yoast-seo-premium-wordpress/ -->
<title>Éventail Charcoal Forest - A FAN OF</title>
<meta name="description" content="Los abanicos A Fan Of son piezas con diseños estampados originales, realizados de forma artesanal en España y utilizando materiales y procesos sostenibles." />
<meta name="robots" content="index, follow, max-snippet:-1, max-image-preview:large, max-video-preview:-1" />
<link rel="canonical" href="https://afanof.eu/fr/boutique/max-fr/charcoal-forest/" />
<meta property="og:locale" content="fr_FR" />
<meta property="og:type" content="article" />
<meta property="og:title" content="Éventail Charcoal Forest" />
<meta property="og:description" content="Los abanicos A Fan Of son piezas con diseños estampados originales, realizados de forma artesanal en España y utilizando materiales y procesos sostenibles." />
<meta property="og:url" content="https://afanof.eu/fr/boutique/max-fr/charcoal-forest/" />
<meta property="og:site_name" content="A FAN OF" />
<meta property="article:modified_time" content="2025-05-13T14:00:24+00:00" />
<meta property="og:image" content="https://afanof.eu/wp-content/uploads/2025/01/A-FAN-OF-Abanico-Eventail-MAXI-Charcoal-Forest.webp" />
	<meta property="og:image:width" content="1000" />
	<meta property="og:image:height" content="1210" />
	<meta property="og:image:type" content="image/webp" />
<meta name="twitter:card" content="summary_large_image" />
<meta name="twitter:label1" content="Durée de lecture estimée" />
	<meta name="twitter:data1" content="1 minute" />
<script type="application/ld+json" class="yoast-schema-graph">{"@context":"https:\/\/schema.org","@graph":[{"@type":"WebPage","@id":"https:\/\/afanof.eu\/fr\/boutique\/max-fr\/charcoal-forest\/","url":"https:\/\/afanof.eu\/fr\/boutique\/max-fr\/charcoal-forest\/","name":"Éventail Charcoal Forest - A FAN OF","isPartOf":{"@id":"https:\/\/afanof.eu\/fr\/#website"},"primaryImageOfPage":{"@id":"https:\/\/afanof.eu\/fr\/boutique\/max-fr\/charcoal-forest\/#primaryimage"},"image":{"@id":"https:\/\/afanof.eu\/fr\/boutique\/max-fr\/charcoal-forest\/#primaryimage"},"thumbnailUrl":"https:\/\/afanof.eu\/wp-content\/uploads\/2025\/01\/a-fan-of-abanico-eventail-charcoal-forest-black-and-white-1.webp","datePublished":"2025-03-31T13:42:38+00:00","dateModified":"2025-05-13T14:00:24+00:00","description":"Los abanicos A Fan Of son piezas con diseños estampados originales, realizados de forma artesanal en España y utilizando materiales y procesos sostenibles.","breadcrumb":{"@id":"https:\/\/afanof.eu\/fr\/boutique\/max-fr\/charcoal-forest\/#breadcrumb"},"inLanguage":"fr-FR","potentialAction":[{"@type":"ReadAction","target":["https:\/\/afanof.eu\/fr\/boutique\/max-fr\/charcoal-forest\/"]}]},{"@type":"ImageObject","inLanguage":"fr-FR","@id":"https:\/\/afanof.eu\/fr\/boutique\/max-fr\/charcoal-forest\/#primaryimage","url":"https:\/\/afanof.eu\/wp-content\/uploads\/2025\/01\/a-fan-of-abanico-eventail-charcoal-forest-black-and-white-1.webp","contentUrl":"https:\/\/afanof.eu\/wp-content\/uploads\/2025\/01\/a-fan-of-abanico-eventail-charcoal-forest-black-and-white-1.webp","width":1500,"height":2000},{"@type":"BreadcrumbList","@id":"https:\/\/afanof.eu\/fr\/boutique\/max-fr\/charcoal-forest\/#breadcrumb","itemListElement":[{"@type":"ListItem","position":1,"name":"Boutique","item":"https:\/\/afanof.eu\/fr\/boutique\/"},{"@type":"ListItem","position":2,"name":"Éventail Charcoal Forest"}]},{"@type":"WebSite","@id":"https:\/\/afanof.eu\/fr\/#website","url":"https:\/\/afanof.eu\/fr\/","name":"A FAN OF","description":"","publisher":{"@id":"https:\/\/afanof.eu\/fr\/#organization"},"potentialAction":[{"@type":"SearchAction","target":{"@type":"EntryPoint","urlTemplate":"https:\/\/afanof.eu\/fr\/?s={search_term_string}"},"query-input":{"@type":"PropertyValueSpecification","valueRequired":true,"valueName":"search_term_string"}}],"inLanguage":"fr-FR"},{"@type":"Organization","@id":"https:\/\/afanof.eu\/fr\/#organization","name":"A Fan Of","url":"https:\/\/afanof.eu\/fr\/","logo":{"@type":"ImageObject","inLanguage":"fr-FR","@id":"https:\/\/afanof.eu\/fr\/#\/schema\/logo\/image\/","url":"","contentUrl":"","caption":"A Fan Of"},"image":{"@id":"https:\/\/afanof.eu\/fr\/#\/schema\/logo\/image\/"}}]}</script>
<!-- / Yoast SEO Premium plugin. -->

Éventail Charcoal Forest - A FAN OF

Los abanicos A Fan Of son piezas con diseños estampados originales, realizados de forma artesanal en España y utilizando materiales y procesos sostenibles.
