	{"id":3763,"date":"2022-04-06T10:43:36","date_gmt":"2022-04-06T08:43:36","guid":{"rendered":"https:\/\/afanof.eu\/?post_type=product&#038;p=3763"},"modified":"2025-11-06T15:03:38","modified_gmt":"2025-11-06T14:03:38","slug":"collar-cordon-negro","status":"publish","type":"product","link":"https:\/\/afanof.eu\/es\/tienda\/accesorios\/collar-cordon-negro\/","title":{"rendered":"Collar cord\u00f3n negro"},"content":{"rendered":"<p>Collar de cord\u00f3n de tejido color negro con cierre metalizado color dorado.<\/p>\n<p>La Medida total del collar es de 90cm.<\/p>\n<p>Este cord\u00f3n es el complemento perfecto para llevar colgado del cuello tu abanico mini como un collar. Puedes combinar tu abanico mini con el collar que m\u00e1s te guste y tener tu abanico siempre a mano\u00a0 de la forma m\u00e1s c\u00f3moda \ud83d\ude09<\/p>\n","protected":false},"excerpt":{"rendered":"<p>Collar de cord\u00f3n de tejido color negro con cierre metalizado color dorado. La Medida total del collar es de 90cm. Este cord\u00f3n es el complemento perfecto para llevar colgado del cuello tu abanico mini como un collar. Puedes combinar tu abanico mini con el collar que m\u00e1s te guste y tener tu abanico siempre a [&hellip;]<\/p>\n","protected":false},"featured_media":10725,"comment_status":"open","ping_status":"closed","template":"","meta":{"_acf_changed":false,"_joinchat":[]},"product_brand":[],"product_cat":[198],"product_tag":[],"class_list":{"0":"post-3763","1":"product","2":"type-product","3":"status-publish","4":"has-post-thumbnail","6":"product_cat-accesorios","8":"first","9":"outofstock","10":"taxable","11":"shipping-taxable","12":"purchasable","13":"product-type-simple"},"wpr_featured_image":["https:\/\/afanof.eu\/wp-content\/uploads\/2022\/04\/a-fan-of-collar-para-abanico-150x150.webp",150,150,true],"acf":[],"yoast_head":"<!-- This site is optimized with the Yoast SEO Premium plugin v25.3 (Yoast SEO v27.5) - https:\/\/yoast.com\/product\/yoast-seo-premium-wordpress\/ -->\n<title>Collar cord\u00f3n negro - A FAN OF<\/title>\n<meta name=\"description\" content=\"Los abanicos A Fan Of son piezas con dise\u00f1os estampados originales, realizados de forma artesanal en Espa\u00f1a y utilizando materiales y procesos sostenibles.\" \/>\n<meta name=\"robots\" content=\"index, follow, max-snippet:-1, max-image-preview:large, max-video-preview:-1\" \/>\n<link rel=\"canonical\" href=\"https:\/\/afanof.eu\/es\/tienda\/accesorios\/collar-cordon-negro\/\" \/>\n<meta property=\"og:locale\" content=\"es_ES\" \/>\n<meta property=\"og:type\" content=\"article\" \/>\n<meta property=\"og:title\" content=\"Collar cord\u00f3n negro\" \/>\n<meta property=\"og:description\" content=\"Los abanicos A Fan Of son piezas con dise\u00f1os estampados originales, realizados de forma artesanal en Espa\u00f1a y utilizando materiales y procesos sostenibles.\" \/>\n<meta property=\"og:url\" content=\"https:\/\/afanof.eu\/es\/tienda\/accesorios\/collar-cordon-negro\/\" \/>\n<meta property=\"og:site_name\" content=\"A FAN OF\" \/>\n<meta property=\"article:modified_time\" content=\"2025-11-06T14:03:38+00:00\" \/>\n<meta property=\"og:image\" content=\"https:\/\/afanof.eu\/wp-content\/uploads\/2022\/04\/a-fan-of-collar-para-abanico.webp\" \/>\n\t<meta property=\"og:image:width\" content=\"1000\" \/>\n\t<meta property=\"og:image:height\" content=\"1210\" \/>\n\t<meta property=\"og:image:type\" content=\"image\/webp\" \/>\n<meta name=\"twitter:card\" content=\"summary_large_image\" \/>\n<meta name=\"twitter:label1\" content=\"Tiempo de lectura\" \/>\n\t<meta name=\"twitter:data1\" content=\"1 minuto\" \/>\n<script type=\"application\/ld+json\" class=\"yoast-schema-graph\">{\"@context\":\"https:\\\/\\\/schema.org\",\"@graph\":[{\"@type\":\"WebPage\",\"@id\":\"https:\\\/\\\/afanof.eu\\\/es\\\/tienda\\\/accesorios\\\/collar-cordon-negro\\\/\",\"url\":\"https:\\\/\\\/afanof.eu\\\/es\\\/tienda\\\/accesorios\\\/collar-cordon-negro\\\/\",\"name\":\"Collar cord\u00f3n negro - A FAN OF\",\"isPartOf\":{\"@id\":\"https:\\\/\\\/afanof.eu\\\/es\\\/#website\"},\"primaryImageOfPage\":{\"@id\":\"https:\\\/\\\/afanof.eu\\\/es\\\/tienda\\\/accesorios\\\/collar-cordon-negro\\\/#primaryimage\"},\"image\":{\"@id\":\"https:\\\/\\\/afanof.eu\\\/es\\\/tienda\\\/accesorios\\\/collar-cordon-negro\\\/#primaryimage\"},\"thumbnailUrl\":\"https:\\\/\\\/afanof.eu\\\/wp-content\\\/uploads\\\/2022\\\/04\\\/a-fan-of-collar-para-abanico.webp\",\"datePublished\":\"2022-04-06T08:43:36+00:00\",\"dateModified\":\"2025-11-06T14:03:38+00:00\",\"description\":\"Los abanicos A Fan Of son piezas con dise\u00f1os estampados originales, realizados de forma artesanal en Espa\u00f1a y utilizando materiales y procesos sostenibles.\",\"breadcrumb\":{\"@id\":\"https:\\\/\\\/afanof.eu\\\/es\\\/tienda\\\/accesorios\\\/collar-cordon-negro\\\/#breadcrumb\"},\"inLanguage\":\"es\",\"potentialAction\":[{\"@type\":\"ReadAction\",\"target\":[\"https:\\\/\\\/afanof.eu\\\/es\\\/tienda\\\/accesorios\\\/collar-cordon-negro\\\/\"]}]},{\"@type\":\"ImageObject\",\"inLanguage\":\"es\",\"@id\":\"https:\\\/\\\/afanof.eu\\\/es\\\/tienda\\\/accesorios\\\/collar-cordon-negro\\\/#primaryimage\",\"url\":\"https:\\\/\\\/afanof.eu\\\/wp-content\\\/uploads\\\/2022\\\/04\\\/a-fan-of-collar-para-abanico.webp\",\"contentUrl\":\"https:\\\/\\\/afanof.eu\\\/wp-content\\\/uploads\\\/2022\\\/04\\\/a-fan-of-collar-para-abanico.webp\",\"width\":1000,\"height\":1210},{\"@type\":\"BreadcrumbList\",\"@id\":\"https:\\\/\\\/afanof.eu\\\/es\\\/tienda\\\/accesorios\\\/collar-cordon-negro\\\/#breadcrumb\",\"itemListElement\":[{\"@type\":\"ListItem\",\"position\":1,\"name\":\"Tienda\",\"item\":\"https:\\\/\\\/afanof.eu\\\/es\\\/tienda\\\/\"},{\"@type\":\"ListItem\",\"position\":2,\"name\":\"Collar cord\u00f3n negro\"}]},{\"@type\":\"WebSite\",\"@id\":\"https:\\\/\\\/afanof.eu\\\/es\\\/#website\",\"url\":\"https:\\\/\\\/afanof.eu\\\/es\\\/\",\"name\":\"A FAN OF\",\"description\":\"\",\"publisher\":{\"@id\":\"https:\\\/\\\/afanof.eu\\\/es\\\/#organization\"},\"potentialAction\":[{\"@type\":\"SearchAction\",\"target\":{\"@type\":\"EntryPoint\",\"urlTemplate\":\"https:\\\/\\\/afanof.eu\\\/es\\\/?s={search_term_string}\"},\"query-input\":{\"@type\":\"PropertyValueSpecification\",\"valueRequired\":true,\"valueName\":\"search_term_string\"}}],\"inLanguage\":\"es\"},{\"@type\":\"Organization\",\"@id\":\"https:\\\/\\\/afanof.eu\\\/es\\\/#organization\",\"name\":\"A Fan Of\",\"url\":\"https:\\\/\\\/afanof.eu\\\/es\\\/\",\"logo\":{\"@type\":\"ImageObject\",\"inLanguage\":\"es\",\"@id\":\"https:\\\/\\\/afanof.eu\\\/es\\\/#\\\/schema\\\/logo\\\/image\\\/\",\"url\":\"\",\"contentUrl\":\"\",\"caption\":\"A Fan Of\"},\"image\":{\"@id\":\"https:\\\/\\\/afanof.eu\\\/es\\\/#\\\/schema\\\/logo\\\/image\\\/\"}}]}<\/script>\n<!-- \/ Yoast SEO Premium plugin. -->","yoast_head_json":{"title":"Collar cord\u00f3n negro - A FAN OF","description":"Los abanicos A Fan Of son piezas con dise\u00f1os estampados originales, realizados de forma artesanal en Espa\u00f1a y utilizando materiales y procesos sostenibles.","robots":{"index":"index","follow":"follow","max-snippet":"max-snippet:-1","max-image-preview":"max-image-preview:large","max-video-preview":"max-video-preview:-1"},"canonical":"https:\/\/afanof.eu\/es\/tienda\/accesorios\/collar-cordon-negro\/","og_locale":"es_ES","og_type":"article","og_title":"Collar cord\u00f3n negro","og_description":"Los abanicos A Fan Of son piezas con dise\u00f1os estampados originales, realizados de forma artesanal en Espa\u00f1a y utilizando materiales y procesos sostenibles.","og_url":"https:\/\/afanof.eu\/es\/tienda\/accesorios\/collar-cordon-negro\/","og_site_name":"A FAN OF","article_modified_time":"2025-11-06T14:03:38+00:00","og_image":[{"width":1000,"height":1210,"url":"https:\/\/afanof.eu\/wp-content\/uploads\/2022\/04\/a-fan-of-collar-para-abanico.webp","type":"image\/webp"}],"twitter_card":"summary_large_image","twitter_misc":{"Tiempo de lectura":"1 minuto"},"schema":{"@context":"https:\/\/schema.org","@graph":[{"@type":"WebPage","@id":"https:\/\/afanof.eu\/es\/tienda\/accesorios\/collar-cordon-negro\/","url":"https:\/\/afanof.eu\/es\/tienda\/accesorios\/collar-cordon-negro\/","name":"Collar cord\u00f3n negro - A FAN OF","isPartOf":{"@id":"https:\/\/afanof.eu\/es\/#website"},"primaryImageOfPage":{"@id":"https:\/\/afanof.eu\/es\/tienda\/accesorios\/collar-cordon-negro\/#primaryimage"},"image":{"@id":"https:\/\/afanof.eu\/es\/tienda\/accesorios\/collar-cordon-negro\/#primaryimage"},"thumbnailUrl":"https:\/\/afanof.eu\/wp-content\/uploads\/2022\/04\/a-fan-of-collar-para-abanico.webp","datePublished":"2022-04-06T08:43:36+00:00","dateModified":"2025-11-06T14:03:38+00:00","description":"Los abanicos A Fan Of son piezas con dise\u00f1os estampados originales, realizados de forma artesanal en Espa\u00f1a y utilizando materiales y procesos sostenibles.","breadcrumb":{"@id":"https:\/\/afanof.eu\/es\/tienda\/accesorios\/collar-cordon-negro\/#breadcrumb"},"inLanguage":"es","potentialAction":[{"@type":"ReadAction","target":["https:\/\/afanof.eu\/es\/tienda\/accesorios\/collar-cordon-negro\/"]}]},{"@type":"ImageObject","inLanguage":"es","@id":"https:\/\/afanof.eu\/es\/tienda\/accesorios\/collar-cordon-negro\/#primaryimage","url":"https:\/\/afanof.eu\/wp-content\/uploads\/2022\/04\/a-fan-of-collar-para-abanico.webp","contentUrl":"https:\/\/afanof.eu\/wp-content\/uploads\/2022\/04\/a-fan-of-collar-para-abanico.webp","width":1000,"height":1210},{"@type":"BreadcrumbList","@id":"https:\/\/afanof.eu\/es\/tienda\/accesorios\/collar-cordon-negro\/#breadcrumb","itemListElement":[{"@type":"ListItem","position":1,"name":"Tienda","item":"https:\/\/afanof.eu\/es\/tienda\/"},{"@type":"ListItem","position":2,"name":"Collar cord\u00f3n negro"}]},{"@type":"WebSite","@id":"https:\/\/afanof.eu\/es\/#website","url":"https:\/\/afanof.eu\/es\/","name":"A FAN OF","description":"","publisher":{"@id":"https:\/\/afanof.eu\/es\/#organization"},"potentialAction":[{"@type":"SearchAction","target":{"@type":"EntryPoint","urlTemplate":"https:\/\/afanof.eu\/es\/?s={search_term_string}"},"query-input":{"@type":"PropertyValueSpecification","valueRequired":true,"valueName":"search_term_string"}}],"inLanguage":"es"},{"@type":"Organization","@id":"https:\/\/afanof.eu\/es\/#organization","name":"A Fan Of","url":"https:\/\/afanof.eu\/es\/","logo":{"@type":"ImageObject","inLanguage":"es","@id":"https:\/\/afanof.eu\/es\/#\/schema\/logo\/image\/","url":"","contentUrl":"","caption":"A Fan Of"},"image":{"@id":"https:\/\/afanof.eu\/es\/#\/schema\/logo\/image\/"}}]}},"_links":{"self":[{"href":"https:\/\/afanof.eu\/es\/wp-json\/wp\/v2\/product\/3763","targetHints":{"allow":["GET"]}}],"collection":[{"href":"https:\/\/afanof.eu\/es\/wp-json\/wp\/v2\/product"}],"about":[{"href":"https:\/\/afanof.eu\/es\/wp-json\/wp\/v2\/types\/product"}],"replies":[{"embeddable":true,"href":"https:\/\/afanof.eu\/es\/wp-json\/wp\/v2\/comments?post=3763"}],"wp:featuredmedia":[{"embeddable":true,"href":"https:\/\/afanof.eu\/es\/wp-json\/wp\/v2\/media\/10725"}],"wp:attachment":[{"href":"https:\/\/afanof.eu\/es\/wp-json\/wp\/v2\/media?parent=3763"}],"wp:term":[{"taxonomy":"product_brand","embeddable":true,"href":"https:\/\/afanof.eu\/es\/wp-json\/wp\/v2\/product_brand?post=3763"},{"taxonomy":"product_cat","embeddable":true,"href":"https:\/\/afanof.eu\/es\/wp-json\/wp\/v2\/product_cat?post=3763"},{"taxonomy":"product_tag","embeddable":true,"href":"https:\/\/afanof.eu\/es\/wp-json\/wp\/v2\/product_tag?post=3763"}],"curies":[{"name":"wp","href":"https:\/\/api.w.org\/{rel}","templated":true}]}}

Collar cordón negro

<p>Collar de cordón de tejido color negro con cierre metalizado color dorado.</p>
<p>La Medida total del collar es de 90cm.</p>
<p>Este cordón es el complemento perfecto para llevar colgado del cuello tu abanico mini como un collar. Puedes combinar tu abanico mini con el collar que más te guste y tener tu abanico siempre a mano  de la forma más cómoda 😉</p>

<p>Collar de cordón de tejido color negro con cierre metalizado color dorado. La Medida total del collar es de 90cm. Este cordón es el complemento perfecto para llevar colgado del cuello tu abanico mini como un collar. Puedes combinar tu abanico mini con el collar que más te guste y tener tu abanico siempre a [&hellip;]</p>

<!-- This site is optimized with the Yoast SEO Premium plugin v25.3 (Yoast SEO v27.5) - https://yoast.com/product/yoast-seo-premium-wordpress/ -->
<title>Collar cordón negro - A FAN OF</title>
<meta name="description" content="Los abanicos A Fan Of son piezas con diseños estampados originales, realizados de forma artesanal en España y utilizando materiales y procesos sostenibles." />
<meta name="robots" content="index, follow, max-snippet:-1, max-image-preview:large, max-video-preview:-1" />
<link rel="canonical" href="https://afanof.eu/es/tienda/accesorios/collar-cordon-negro/" />
<meta property="og:locale" content="es_ES" />
<meta property="og:type" content="article" />
<meta property="og:title" content="Collar cordón negro" />
<meta property="og:description" content="Los abanicos A Fan Of son piezas con diseños estampados originales, realizados de forma artesanal en España y utilizando materiales y procesos sostenibles." />
<meta property="og:url" content="https://afanof.eu/es/tienda/accesorios/collar-cordon-negro/" />
<meta property="og:site_name" content="A FAN OF" />
<meta property="article:modified_time" content="2025-11-06T14:03:38+00:00" />
<meta property="og:image" content="https://afanof.eu/wp-content/uploads/2022/04/a-fan-of-collar-para-abanico.webp" />
	<meta property="og:image:width" content="1000" />
	<meta property="og:image:height" content="1210" />
	<meta property="og:image:type" content="image/webp" />
<meta name="twitter:card" content="summary_large_image" />
<meta name="twitter:label1" content="Tiempo de lectura" />
	<meta name="twitter:data1" content="1 minuto" />
<script type="application/ld+json" class="yoast-schema-graph">{"@context":"https:\/\/schema.org","@graph":[{"@type":"WebPage","@id":"https:\/\/afanof.eu\/es\/tienda\/accesorios\/collar-cordon-negro\/","url":"https:\/\/afanof.eu\/es\/tienda\/accesorios\/collar-cordon-negro\/","name":"Collar cordón negro - A FAN OF","isPartOf":{"@id":"https:\/\/afanof.eu\/es\/#website"},"primaryImageOfPage":{"@id":"https:\/\/afanof.eu\/es\/tienda\/accesorios\/collar-cordon-negro\/#primaryimage"},"image":{"@id":"https:\/\/afanof.eu\/es\/tienda\/accesorios\/collar-cordon-negro\/#primaryimage"},"thumbnailUrl":"https:\/\/afanof.eu\/wp-content\/uploads\/2022\/04\/a-fan-of-collar-para-abanico.webp","datePublished":"2022-04-06T08:43:36+00:00","dateModified":"2025-11-06T14:03:38+00:00","description":"Los abanicos A Fan Of son piezas con diseños estampados originales, realizados de forma artesanal en España y utilizando materiales y procesos sostenibles.","breadcrumb":{"@id":"https:\/\/afanof.eu\/es\/tienda\/accesorios\/collar-cordon-negro\/#breadcrumb"},"inLanguage":"es","potentialAction":[{"@type":"ReadAction","target":["https:\/\/afanof.eu\/es\/tienda\/accesorios\/collar-cordon-negro\/"]}]},{"@type":"ImageObject","inLanguage":"es","@id":"https:\/\/afanof.eu\/es\/tienda\/accesorios\/collar-cordon-negro\/#primaryimage","url":"https:\/\/afanof.eu\/wp-content\/uploads\/2022\/04\/a-fan-of-collar-para-abanico.webp","contentUrl":"https:\/\/afanof.eu\/wp-content\/uploads\/2022\/04\/a-fan-of-collar-para-abanico.webp","width":1000,"height":1210},{"@type":"BreadcrumbList","@id":"https:\/\/afanof.eu\/es\/tienda\/accesorios\/collar-cordon-negro\/#breadcrumb","itemListElement":[{"@type":"ListItem","position":1,"name":"Tienda","item":"https:\/\/afanof.eu\/es\/tienda\/"},{"@type":"ListItem","position":2,"name":"Collar cordón negro"}]},{"@type":"WebSite","@id":"https:\/\/afanof.eu\/es\/#website","url":"https:\/\/afanof.eu\/es\/","name":"A FAN OF","description":"","publisher":{"@id":"https:\/\/afanof.eu\/es\/#organization"},"potentialAction":[{"@type":"SearchAction","target":{"@type":"EntryPoint","urlTemplate":"https:\/\/afanof.eu\/es\/?s={search_term_string}"},"query-input":{"@type":"PropertyValueSpecification","valueRequired":true,"valueName":"search_term_string"}}],"inLanguage":"es"},{"@type":"Organization","@id":"https:\/\/afanof.eu\/es\/#organization","name":"A Fan Of","url":"https:\/\/afanof.eu\/es\/","logo":{"@type":"ImageObject","inLanguage":"es","@id":"https:\/\/afanof.eu\/es\/#\/schema\/logo\/image\/","url":"","contentUrl":"","caption":"A Fan Of"},"image":{"@id":"https:\/\/afanof.eu\/es\/#\/schema\/logo\/image\/"}}]}</script>
<!-- / Yoast SEO Premium plugin. -->

Collar cordón negro - A FAN OF

Los abanicos A Fan Of son piezas con diseños estampados originales, realizados de forma artesanal en España y utilizando materiales y procesos sostenibles.
